{"id":66,"date":"2021-04-19T17:26:38","date_gmt":"2021-04-19T15:26:38","guid":{"rendered":"http:\/\/jeffrey-prod.fr\/?page_id=66"},"modified":"2021-04-20T16:38:34","modified_gmt":"2021-04-20T14:38:34","slug":"studio-prepresse","status":"publish","type":"page","link":"http:\/\/jeffrey-prod.fr\/?page_id=66","title":{"rendered":"Studio, pr\u00e9presse\u2026"},"content":{"rendered":"\n<p>De la r\u00e9alisation de vos fichiers d\u2019ex\u00e9cution jusqu\u2019\u00e0 la livraison de vos PDFs impression ou web, nous assurons \u00e9galement les retouches de vos images et autres photomontages, le tout accompagn\u00e9 d\u2019une \u00e9preuve num\u00e9rique normalis\u00e9e.<\/p>\n\n\n\n<p>Et si toutefois vous \u00e9tiez en panne d\u2019inspiration sur une cr\u00e9ation, nous vous trouverons la solution !<\/p>\n","protected":false},"excerpt":{"rendered":"<p>De la r\u00e9alisation de vos fichiers d\u2019ex\u00e9cution jusqu\u2019\u00e0 la livraison de vos PDFs impression ou web, nous assurons \u00e9galement les retouches de vos images et autres photomontages, le tout accompagn\u00e9 d\u2019une \u00e9preuve num\u00e9rique normalis\u00e9e. Et si toutefois vous \u00e9tiez en panne d\u2019inspiration sur une cr\u00e9ation, nous vous trouverons la solution !<\/p>\n","protected":false},"author":1,"featured_media":0,"parent":0,"menu_order":0,"comment_status":"closed","ping_status":"closed","template":"","meta":[],"_links":{"self":[{"href":"http:\/\/jeffrey-prod.fr\/index.php?rest_route=\/wp\/v2\/pages\/66"}],"collection":[{"href":"http:\/\/jeffrey-prod.fr\/index.php?rest_route=\/wp\/v2\/pages"}],"about":[{"href":"http:\/\/jeffrey-prod.fr\/index.php?rest_route=\/wp\/v2\/types\/page"}],"author":[{"embeddable":true,"href":"http:\/\/jeffrey-prod.fr\/index.php?rest_route=\/wp\/v2\/users\/1"}],"replies":[{"embeddable":true,"href":"http:\/\/jeffrey-prod.fr\/index.php?rest_route=%2Fwp%2Fv2%2Fcomments&post=66"}],"version-history":[{"count":3,"href":"http:\/\/jeffrey-prod.fr\/index.php?rest_route=\/wp\/v2\/pages\/66\/revisions"}],"predecessor-version":[{"id":126,"href":"http:\/\/jeffrey-prod.fr\/index.php?rest_route=\/wp\/v2\/pages\/66\/revisions\/126"}],"wp:attachment":[{"href":"http:\/\/jeffrey-prod.fr\/index.php?rest_route=%2Fwp%2Fv2%2Fmedia&parent=66"}],"curies":[{"name":"wp","href":"https:\/\/api.w.org\/{rel}","templated":true}]}}