{"id":68,"date":"2021-04-19T17:27:45","date_gmt":"2021-04-19T15:27:45","guid":{"rendered":"http:\/\/jeffrey-prod.fr\/?page_id=68"},"modified":"2021-04-20T16:39:24","modified_gmt":"2021-04-20T14:39:24","slug":"impression","status":"publish","type":"page","link":"http:\/\/jeffrey-prod.fr\/?page_id=68","title":{"rendered":"Impression\u2026"},"content":{"rendered":"\n<p>De la carte de visite au catalogue, du leaflet \u00e0 la plaquette de prestige, du kak\u00e9mono \u00e0 la b\u00e2che monumentale, de l\u2019adh\u00e9sif au textile, il y aura toujours une machine pr\u00eate \u00e0 vous accueillir et accueillir vos projets !<\/p>\n","protected":false},"excerpt":{"rendered":"<p>De la carte de visite au catalogue, du leaflet \u00e0 la plaquette de prestige, du kak\u00e9mono \u00e0 la b\u00e2che monumentale, de l\u2019adh\u00e9sif au textile, il y aura toujours une machine pr\u00eate \u00e0 vous accueillir et accueillir vos projets !<\/p>\n","protected":false},"author":1,"featured_media":0,"parent":0,"menu_order":0,"comment_status":"closed","ping_status":"closed","template":"","meta":[],"_links":{"self":[{"href":"http:\/\/jeffrey-prod.fr\/index.php?rest_route=\/wp\/v2\/pages\/68"}],"collection":[{"href":"http:\/\/jeffrey-prod.fr\/index.php?rest_route=\/wp\/v2\/pages"}],"about":[{"href":"http:\/\/jeffrey-prod.fr\/index.php?rest_route=\/wp\/v2\/types\/page"}],"author":[{"embeddable":true,"href":"http:\/\/jeffrey-prod.fr\/index.php?rest_route=\/wp\/v2\/users\/1"}],"replies":[{"embeddable":true,"href":"http:\/\/jeffrey-prod.fr\/index.php?rest_route=%2Fwp%2Fv2%2Fcomments&post=68"}],"version-history":[{"count":4,"href":"http:\/\/jeffrey-prod.fr\/index.php?rest_route=\/wp\/v2\/pages\/68\/revisions"}],"predecessor-version":[{"id":127,"href":"http:\/\/jeffrey-prod.fr\/index.php?rest_route=\/wp\/v2\/pages\/68\/revisions\/127"}],"wp:attachment":[{"href":"http:\/\/jeffrey-prod.fr\/index.php?rest_route=%2Fwp%2Fv2%2Fmedia&parent=68"}],"curies":[{"name":"wp","href":"https:\/\/api.w.org\/{rel}","templated":true}]}}